
In base 13, what is -a1 + 762?
691
In base 8, what is -1113774 + -3?
-1113777
In base 7, what is -2324626 - 1?
-2324630
In base 16, what is -2 - -1188?
1186
In base 7, what is -266463 - -40?
-266423
In base 10, what is -4 - -10971?
10967
In base 9, what is 4 + 6760?
6764
In base 3, what is 1 + -102021100211?
-102021100210
In base 11, what is 140 - 7a?
71
In base 3, what is 22201201 + 12?
22201220
In base 11, what is -1127 - -2?
-1125
In base 12, what is -72 + -43?
-b5
In base 14, what is -1241 - 2ad?
-1510
In base 12, what is -21587 - 3?
-2158a
In base 12, what is 27 + 3?
2a
In base 5, what is 0 + 13130121?
13130121
In base 10, what is -3 - 43?
-46
In base 10, what is -1204 + 45?
-1159
In base 7, what is -3 - 6263345?
-6263351
In base 13, what is -24 - 429?
-450
In base 10, what is 33 - -21705?
21738
In base 15, what is 4ec3 - 5?
4ebd
In base 11, what is 96182 + 4?
96186
In base 13, what is -8c16 - -27?
-8bbc
In base 5, what is 1402 - 1314?
33
In base 10, what is -1 - 40520?
-40521
In base 9, what is -150464 + 4?
-150460
In base 7, what is -460 + 22?
-435
In base 15, what is 4 - 2b86?
-2b82
In base 13, what is -b96 - -3a?
-b59
In base 4, what is 10 - 2220010?
-2220000
In base 2, what is -1101101011100101100 + -11?
-1101101011100101111
In base 2, what is -111 + 111101000000?
111100111001
In base 9, what is 15 - -507?
523
In base 8, what is 212 + -36?
154
In base 13, what is 6 - -c0627?
c0630
In base 14, what is -2 - 52d1?
-52d3
In base 11, what is -217a7 + 8?
-2179a
In base 12, what is 1 - -254015?
254016
In base 4, what is -2 + -1010110323?
-1010110331
In base 11, what is -1a37 - 312?
-2249
In base 2, what is 101010 + -1101010011001?
-1101001101111
In base 5, what is -42203 + -24101?
-121304
In base 4, what is 1000222 - -1300?
1002122
In base 3, what is -1 + 111010021?
111010020
In base 7, what is 4 + 534630?
534634
In base 9, what is -534066 - -1?
-534065
In base 15, what is 1 - 5b908?
-5b907
In base 5, what is 23001332 - -1?
23001333
In base 2, what is -1110010111111010110 - -100?
-1110010111111010010
In base 7, what is -5 - -432464?
432456
In base 5, what is 4034 - 20302?
-11213
In base 4, what is 23101102201 + -2?
23101102133
In base 15, what is 759 + -12d?
62b
In base 8, what is 1206 + 112?
1320
In base 14, what is -41 + -139c?
-13dd
In base 13, what is 3 + -37a3a?
-37a37
In base 3, what is -1202 + 100120?
21211
In base 7, what is 41 - -12152?
12223
In base 4, what is 32030112 + -1001?
32023111
In base 15, what is 1d - -1a7?
1c5
In base 6, what is 134 - -2?
140
In base 2, what is 0 + -100001000100?
-100001000100
In base 10, what is 117395 - -5?
117400
In base 3, what is 221 - 1002200021?
-1002122100
In base 15, what is 43 + -112?
-be
In base 9, what is 571304 + -4?
571300
In base 11, what is 24221 - 1?
24220
In base 10, what is 1 + 42156?
42157
In base 16, what is d9 + -5770?
-5697
In base 9, what is 573 + 1700?
2373
In base 13, what is 27a + -13?
267
In base 7, what is -31 + -13462?
-13523
In base 7, what is 335 + -431?
-63
In base 15, what is -40c + 201?
-20b
In base 4, what is 12113 + 112?
12231
In base 15, what is -24 + 3c67?
3c43
In base 2, what is 1010100000100000 + -10000?
1010100000010000
In base 4, what is -101311 - -2203?
-33102
In base 12, what is 444 + 38?
480
In base 12, what is -25b69 + -6?
-25b73
In base 15, what is 175 - 1569?
-13e4
In base 9, what is -15 + -7165?
-7181
In base 5, what is -3012 - 3?
-3020
In base 7, what is 34200 - -30?
34230
In base 10, what is 102 + 2737?
2839
In base 8, what is -13 + 434?
421
In base 5, what is 33 + 100214?
100302
In base 16, what is 15066 - 0?
15066
In base 10, what is -4 - -1390?
1386
In base 10, what is 9 - 1172?
-1163
In base 5, what is -102011 + 14?
-101442
In base 4, what is -12 + -333332010?
-333332022
In base 4, what is -331233030132 - 0?
-331233030132
In base 2, what is 110111110111110 + -10?
110111110111100
In base 16, what is e + -775?
-767
In base 6, what is 213231 + 5?
213240
In base 13, what is -5377 + -2?
-5379
In base 10, what is 82 - 178?
-96
In base 7, what is -221 - -12456?
12235
In base 11, what is -1 - a2541?
-a2542
In base 8, what is -40 - 2221?
-2261
In base 4, what is 12112230 - -11?
12112301
In base 2, what is -11010010001011101010 - -1?
-11010010001011101001
In base 15, what is -56 - -10d1b?
10cb5
In base 8, what is 3366 + -14?
3352
In base 3, what is 10122000 - 101?
10121122
In base 2, what is -1010010001101100 - 101?
-1010010001110001
In base 10, what is -727044 + -3?
-727047
In base 13, what is 87692 - 3?
8768c
In base 8, what is -52 + 2245?
2173
In base 3, what is -101 - -2001211210?
2001211102
In base 10, what is -52711 + -24?
-52735
In base 11, what is -9516 + 13?
-9503
In base 5, what is 3301 - 23010?
-14204
In base 8, what is 116 - -23571?
23707
In base 9, what is -1 + 623552?
623551
In base 14, what is 8a0 - -1?
8a1
In base 6, what is -1012445 - 0?
-1012445
In base 8, what is 26 + 1027?
1055
In base 12, what is 20b + 2b0?
4bb
In base 2, what is 10 - 1000101110110001?
-1000101110101111
In base 6, what is -100 - -10013?
5513
In base 10, what is 11 - 618?
-607
In base 13, what is 0 + 2888b?
2888b
In base 12, what is 5 + 1bb7?
2000
In base 11, what is 4 + -24771?
-24768
In base 5, what is -10214 - -204?
-10010
In base 14, what is -5663 - 8?
-566b
In base 9, what is 6 + -602370?
-602363
In base 7, what is 10241606 - 0?
10241606
In base 4, what is 10313222 + 2?
10313230
In base 3, what is -11200 + 10101220?
10020020
In base 4, what is -201 - -311?
110
In base 14, what is 4 + 379da?
37a00
In base 2, what is -101 + 111011101101000001?
111011101100111100
In base 2, what is -10000 - -1111010111110?
1111010101110
In base 8, what is -57512 - 1?
-57513
In base 10, what is 343 + 1527?
1870
In base 16, what is acd6 + -5?
acd1
In base 3, what is 111022002001 - -10?
111022002011
In base 14, what is -b224 - -2?
-b222
In base 13, what is 1b48a - 19?
1b471
In base 5, what is 203124 - 1240?
201334
In base 10, what is 104704 + -6?
104698
In base 14, what is -9 - -dc323?
dc318
In base 4, what is -131002 + 30?
-130312
In base 6, what is -10204 + -103?
-10311
In base 2, what is -100100111000 + 1100100?
-100011010100
In base 4, what is 20302 - 2033?
12203
In base 6, what is -420022132 - 3?
-420022135
In base 4, what is -1331003 + 10?
-1330333
In base 14, what is 69 + -1a2c?
-19a3
In base 16, what is 8 + -bfc?
-bf4
In base 15, what is 4 - -172a11?
172a15
In base 16, what is 18 - -a48?
a60
In base 2, what is -101101010 + 11011101?
-10001101
In base 10, what is -8 - 15830?
-15838
In base 14, what is -2c84 - 6?
-2c8a
In base 12, what is 463 - -6b?
512
In base 12, what is 387 + a74?
123b
In base 8, what is -1 - -345167?
345166
In base 15, what is 5 - 41c6?
-41c1
In base 9, what is 112 + 174?
286
In base 11, what is -39 - -2575?
2537
In base 2, what is 100 - 1011011010110?
-1011011010010
In base 5, what is -124010 - 112?
-124122
In base 2, what is 101 + 10110001010010?
10110001010111
In base 6, what is 20453 + -44?
20405
In base 8, what is -1513 - -304?
-1207
In base 4, what is 310123 - 1?
310122
In base 8, what is 41043 - 117?
40724
In base 2, what is -1111 + -100111111100111?
-100111111110110
In base 3, what is -202000100 + -11?
-202000111
In base 16, what is 1 - -37cbd?
37cbe
In base 16, what is f4b - ca?
e81
In base 5, what is -2224020 - -1?
-2224014
In base 10, what is 224 + 16787?
17011
In base 10, what is 27 - 30904?
-30877
In base 12, what is 7957 + 5?
7960
In base 7, what is -12 - -6424351?
6424336
In base 13, what is -357 - -102?
-255
In base 8, what is 425162 - 3?
425157
In base 14, what is -8 + -5a82?
-5a8a
In base 5, what is 4 - -31234?
31243
In base 16, what is c - -109b3?
109bf
In base 4, what is -110 + 1303030?
1302320
In base 8, what is -5 + 1444356?
1444351
In base 13, what is 2 - 132104?
-132102
In base 3, what is -112021012100 - -201?
-112021011122
In base 13, what is 659b + 4?
65a2
In base 16, what is -30d0 - 8?
-30d8
In base 11, what is 1895249 + -2?
1895247
In base 15, what is -44c5d - 1?
-44c5e
In base 3, what is 2202102 + 220011?
10122120
In base 2, what is 10101100010101 + 110011?
10101101001000
In base 4, what is -11 + -22122220?
-22122231
In base 10, what is -4284 - -116?
-4168
In base 11, what is 35 + 519?
553
In base 15, what is 23 - -818?
83b
In b